3 + -2 - (3 - 7).
17
Calculate -4 + (21 - (-9 - (-2 + 4 - 8))).
20
What is (8 - -1) + (153 - 142) + 1 + -2?
19
4 + -1 - (5 - -7 - 6 - 7)
4
-8 + -1 - (0 - -2 - -1)
-12
(2 - (11 + -21)) + -13
-1
What is the value of (6 + 1 - -5) + -9?
3
Calculate 1 + 5 + (-12 - 1) + (-4 - -4).
-7
Evaluate 4 + 4 + -18 + 8.
-2
What is 41 + -49 + 23 + (-1 - 32)?
-18
What is -42 - -71 - (0 - -6 - (9 + -6))?
26
What is 6 + -29 + 25 + -8 + -7?
-13
Evaluate (-5 + (-17 - -10) - -10) + -3.
-5
What is the value of (-3 - (5 - -4)) + 14?
2
Evaluate 5 - (-16 - (-9 - 10)).
2
Evaluate 5 + 9 + -11 + -13.
-10
What is the value of 82 + -104 + 12 + 2?
-8
What is 14 - ((16 - (-10 - -58)) + 17)?
29
Evaluate -7 - (-24 - ((23 - 16) + (3 - 2))).
25
What is -6 - 4 - (-7 + -1) - -3?
1
What is the value of 13 + (-5 - 6 - -2 - -6)?
10
78 + -37 + -35 - -26
32
Calculate -15 - (-11 - 6) - -5.
7
Evaluate -4 - (-1 + -9 - 7).
13
What is the value of -6 + (17 - 5) + (0 - -5)?
11
What is the value of 1 - -4 - (18 + (33 - 54))?
8
Calculate 13 + -23 - -1 - -4.
-5
-9 - (-7 - (0 - (-3 - -2)))
-1
What is the value of (4 - 4) + (0 - -6 - (4 + -1))?
3
What is -16 + -2 + -2 - (1 + -3 + -1)?
-17
What is 4 - (-1 + 0 + (3 - -5))?
-3
Calculate -14 + (8 - 21) + 3 + 5.
-19
6 + -41 + (5 - -5) - -15
-10
Evaluate -3 - (9 + (0 - -1) - -2).
-15
Evaluate (4 + -70 - -62) + 1 + 0 + 8.
5
Calculate -5 - -31 - (-78 + 87 + -1 + 2).
16
Evaluate -6 - -9 - 21 - -7.
-11
-19 + -2 + -10 + 22 + -5 + -1
-15
Evaluate -4 + 5 + -5 + 15 + (12 - 11).
12
What is 33 + -1 + (-5 - -14 - (-31 + 49))?
23
Evaluate -12 - (-19 - 8 - -12).
3
-55 + 47 + (5 - (22 + -5))
-20
What is the value of -1 - (8 + 1 + -8) - (-2 + -2)?
2
What is 14 + -4 + (1 - 9) + -8?
-6
Calculate 6 - 2 - (9 - (16 - 19)).
-8
Evaluate -240 + 238 + (8 - (0 - 1)) - -9.
16
Evaluate (13 - (28 + 2)) + -30 + 46.
-1
Calculate -1 - ((0 - 6 - -11) + -10 - 5).
9
Evaluate (-48 - (-39 + 22)) + 14.
-17
What is the value of 0 + 2 + (1 - 5 - -7)?
5
What is the value of 2 - 26 - 13 - -19?
-18
What is -5 + (20 - 22 - (0 + 1))?
-8
What is -15 + 17 + (-5 - -11) + 11?
19
What is the value of -16 + 2 + (0 - 2)?
-16
What is -5 - (9 - (16 - 12))?
-10
Evaluate -2 + 4 + -25 + 44.
21
What is 6 - (-2 + -2 + 2) - -2?
10
What is the value of 461 - 464 - (-2 - (1 + 6))?
6
Evaluate -17 - (7 + -18 - (-4 + 6)).
-4
What is the value of 10 - (-4 + (19 - 13))?
8
What is (-45 - -31) + -5 + (7 - 3)?
-15
Evaluate -10 + 4 + -8 + 15 - 4.
-3
What is the value of 0 - -5 - (-10 + 0 - (14 - 37))?
-8
What is 39 + (-39 - -33) - 18?
15
Evaluate -22 + (-1 + -30 - -32).
-21
What is the value of 23 + -24 - (2 - (-2 + 2))?
-3
Calculate (2 - -4) + -2 + 10 + -6 + 1.
9
(2 - 3) + (-1 + 22 - (40 - 35))
15
1 + 0 - (-2 + -4 + (-1 - -3))
5
Evaluate 1 + -1 + 9 + (188 - 184).
13
Evaluate 10 + (15 - 13) + 0.
12
What is -12 - 6 - -5 - (2 + -8)?
-7
What is 4 - (-3 + 2) - (-2 - 3) - 0?
10
Calculate -11 + (14 - 5) - (-4 - (17 + 3)).
22
Evaluate 38 - (-20 - -34) - 37.
-13
What is 16 + -22 + -29 - -17?
-18
Calculate -4 - 0 - (-5 - 8).
9
What is 35 - 28 - (-8 + 3 + -3 - -11)?
4
Calculate -43 - (10 - 98) - 37.
8
What is the value of -2 - (-17 - (-7 - 9) - (0 + -25))?
-26
What is the value of 20 - ((15 - (10 + -13 - -14)) + -10)?
26
What is the value of (-224 - -235 - (0 - (1 - 1))) + -22?
-11
(6 - 3 - 5) + (7 + -11 - 7)
-13
-3 - -9 - ((-8 - -5) + -5)
14
Evaluate (-1 - 16) + (9 - -4).
-4
-26 - 0 - (10 + 23 + -7 + -35)
-17
What is 28 - (11 + 1 + -6 + -5)?
27
What is the value of 15 + -35 + -6 + 18 - (2 + 1)?
-11
Evaluate 8 - ((14 - 6) + 3).
-3
Calculate -115 - -130 - (33 + 1).
-19
Evaluate -33 + 84 + -31 + 0 + -1.
19
Evaluate 3 + 4 + -8 + -18 + -8.
-27
What is the value of 3 + -3 - (29 + -44) - (2 + -2)?
15
Evaluate -18 + 20 + -28 - -7.
-19
What is the value of (9 - 1 - 4) + (-2 - -3) - -13?
18
What is the value of 2 + (0 + (-5 - -4 - -3) - -3)?
7
-8 + -7 + -12 + (-11 - (-9 + 2))
-31
Calculate (147 - 165 - (-2 + (-2 - 8))) + 19.
13
-9 - -37 - -8 - (40 + -40)
36
Calculate -4 - (1 + 10 + -5 + (1 - -1)).
-12
Evaluate (-21 - (-15 - ((-24 - -10) + 6))) + 2.
-12
What is the value of 1 - (-5 + 5 + -8) - (-6 + 0)?
15
What is the value of 1 - ((0 - 0) + (2 - 23 - -23))?
-1
What is the value of (0 - 1) + 17 - (9 + -3 + -4)?
14
What is -88 + 75 - ((5 - 29) + -3)?
14
-26 - (-4 - 23) - (-9 + 2 + 0)
8
What is -8 + (10 - ((-5 - -2) + -3))?
8
Evaluate 25 + (-10 + (-2 - -22) - 12 - 2).
21
What is (-16 - -12) + 15 - 3?
8
Calculate -16 - (16 - 21) - (2 - 9).
-4
Calculate 0 - -20 - (-2 - (-4 + -9)).
9
What is 23 + -35 + -21 - -24?
-9
Evaluate (14 - 22 - -7) + 0.
-1
Evaluate 0 - (112 - 100 - (-3 + -19)).
-34
Evaluate -4 - (-7 + 16) - -20.
7
What is the value of 2 - 0 - 3 - -3 - (19 - 7)?
-10
-43 + 21 - (1 + 3 - (-7 + 14))
-19
What is -30 - -11 - (-23 + 26)?
-22
What is -3 + -5 + 2 - -13?
7
Calculate -8 - (26 - (31 + 31)).
28
What is (-14 - 2) + (43 + -79 - -29)?
-23
What is the value of (-12 - 22) + (31 - -4)?
1
(0 - (-6 - -22)) + 4
-12
-1 + (26 - (28 + -8))
5
0 + 15 + (-90 - -80)
5
-11 + 14 + (-11 - -16)
8
(-2 - 42) + -900 + 916
-28
(-9 - (-10 + (8 - -1) + -5)) + -20
-23
Calculate (3 - ((-6 - -6) + -3)) + -10 + -4.
-8
What is the value of -5 + 0 - (12 + (18 - 32))?
-3
Evaluate -14 + (6 - (-11 + 2)) + -6.
-5
(1 - -2) + (-6 + 2 - 0) + 3
2
-8 - (-5 - 16) - (-1 - -2 - -1)
11
What is 25 - 29 - (3 + -17)?
10
(12 - (40 - 32)) + 3 + 1 + -4
4
4 + -4 + (-6 - -8) - (-1 + -10)
13
Calculate -23 + 8 - (-1 - 6).
-8
Calculate (-111 - -88) + 21 + -2.
-4
What is -8 + -4 + -7 + (-9 - -42) + 6?
20
What is (-32 + 9 - -15) + -1 + -2?
-11
What is the value of -9 + 1 - ((12 + -5 - 24) + -11)?
20
Calculate -1 - (4 - -10 - 3).
-12
11 - (11 + -4 + 9)
-5
What is (-3 - (-6 - -9)) + 5 - (0 + -1)?
0
What is (-3 - (4 - -1 - 26)) + -5 + -5?
8
-17 + 19 + -18 + -1 + (-1 - 0)
-18
What is the value of -18 - (13 + -11 + (6 - 10))?
-16
What is -14 + (-6 - -12) + 15?
7
Evaluate 12 + 0 - 52 - (-5 - 8).
-27
Evaluate 10 + -4 + -1 + (-6 - (21 + -36)).
14
Calculate -4 - (-4 + 4 + -6) - 2.
0
Calculate -7 + (-23 - -7 - -10).
-13
What is -1 + -8 + (17 + (-6 - 6) - 1)?
-5
Evaluate 4 + -9 + 4 - 21.
-22
-2 + -1 + 25 - (-19 + -1 + 25)
17
What is the value of -6 - -15 - (7 - 5)?
7
Evaluate -47 + 47 + -39 + 14.
-25
Calculate 13 + 3 + -38 + 18.
-4
What is the value of 11 - (4 - (-12 - 4))?
-9
Evaluate -33 + 13 - ((16 - 2) + -7 + -12).
-15
What is the value of 11 - 24 - (-16 - 20)?
23
Calculate 0 + -7 + (0 - -1) + 14 + -8.
0
-4 + 2 + -1 + 13 + (-41 - 0)
-31
What is (-17 - -11) + 7 + 1 + 8?
10
What is the value of 8 + (3 - 1) + -9 + 3?
4
What is -48 + 15 + 72 - 39?
0
Calculate -3 + (-7 - (-4 + -11 + 2 + -2)).
5
Calculate -424 + 426 - (13 + 0).
-11
Calculate -12 + (17 - (-1 + -3)).
9
What is the value of (3 - (2 - (6 - 2))) + (-7 - -8)?
6
(-52 - 0) + (11 - -1) + 2
-38
What is (1 - 25) + 21 + 13?
10
Evaluate 27 - (17 + 6 + -9).
13
Calculate 122 + -115 + (-1 - 1 - 6).
-1
Calculate (-2 - -3) + (271 - 265).
7
What is 7 + 5 - (-10 + 8 - -9)?
5
What is the value of (1 + -17 - (-14 + 2)) + 12?
8
Calculate -1 - (1 - (3 - 2) - (-3 + 7)).
3
Calculate 13 - (28 - (-29 + 44)).
0
Evaluate -2 - (1 - 1) - (-27 + 3 + 18).
4
What is the value of 125 - 127 - (1 - 9)?
6
Evaluate (5 + (16 - 52) - (-9 + 2)) + 6.
-18
What is the value of -14 + (-7 - -17) + -9?
-13
What is the value of (-19 + 11 + 1 - 2 - -23) + 4?
18
What is the value of 0 - (10 + (1 - 0 - (-47 + 54)))?
-4
Calculate 43 - 32 - (-6 - -18).
-1
Evaluate 8 + (11 + 6 - 12).
13
Calculate 17 - (34 - (19 + -7)).
-5
Evaluate -237 + 219 + (7 - -1).
-10
What is the value of -115 + 103 + (1 - -2)?
-9
What is -49 + 54 + (-21 - 3)?
-19
What is 0 - (-1 - (5 - 10))?
-4
-2 + 1 + -3 + (-49 - (15 + -44))
-24
Evaluate 11 + 2 + -24 + -19.
-30
-1 - -16 - ((1 - -8) + -9)
15
What is the value of -10 + 33 + (9 - 17) + -3?
12
What is the value of 15 + (6 - 4) - (-39 + 52)?
4
-7 + (-1 - (-11 - (-5 + -8)))
-10
Evaluate (-120 - -115) + -21 + 37 + (1 - -1).
13
What is the value of 0 + -7 - (-129 + 104)?
18
Evaluate -1 - 17 - (-17 + (16 - (3 - -2))).
-12
What is -10 + 13 + 17 + -7 + -29?
-16
0 + -5 + (-185 - -187)
-3
(-15 - -1) + (16 + (16 - 23) - 13)
-18
Evaluate 0 + 1 - (423 + -413).
-9
Evaluate (-17 - -13) + -6 - -20.
10
What is -11 - (-8 + -1 - (-1 - 0))?
-3
What is 0 + (-35 - (0 + -23))?
-12
Evaluate